late the remainder when 6 is divided by (-10)/(-45) + 25/v.
0
Suppose -3*a - 6 = 3*t - 6*a, 2*t + 2*a = -4. Calculate the remainder when t/3 - 77/(-3) is divided by 7.
4
Let y = 5 - -7. Calculate the remainder when 23 is divided by y.
11
Suppose 5*b - 53 = -2*j, 33 = 5*b + j - 21. What is the remainder when b is divided by 2*4/16*8?
3
Let p(x) = x + 43. Let u be p(0). Let m = u - -21. What is the remainder when m is divided by 22?
20
Let c = 35 + -21. What is the remainder when 52 is divided by c?
10
Let h be (-4)/(-14) - 107/7. Let f = 22 + h. Let k(p) = -2*p - 6. Calculate the remainder when f is divided by k(-5).
3
Let j = -1 - -4. Suppose -5*x + j*x + 16 = 0. Calculate the remainder when 23 is divided by x.
7
Let l(c) = 2*c**2 - 13*c + 8. What is the remainder when 92 is divided by l(8)?
28
Suppose -35 = -4*z - 3. Suppose -5*p = -4*q - 0*q - 236, -2*q + 4*p - 112 = 0. Let d = -41 - q. What is the remainder when d is divided by z?
7
Suppose 6*g - 192 = -4*j + 4*g, -2*j = -2*g - 102. Suppose 0 = -2*o - w + 30, -3*o + w = -o - 38. Calculate the remainder when j is divided by o.
15
Suppose -a = -3*a - 10, y = 4*a + 28. Suppose 23*r - 21*r - 6 = 0. What is the remainder when y is divided by r?
2
Let m(x) = 2*x**2 - x - 3. Suppose -8*k - 163 + 571 = 0. Calculate the remainder when k is divided by m(-3).
15
Suppose 4*q - 3*q = -2*k - 13, -2*q + 5*k = 35. What is the remainder when 6/4*(-260)/q is divided by 2/4 - 54/(-4)?
12
Let f(h) = -5*h - 1. Let m(o) = -o**3 + 6*o**2 - 6*o + 1. Let d be m(5). Let v be f(d). Suppose v - 3 = 2*b. What is the remainder when 23 is divided by b?
7
Suppose -15 = 2*d + 9. Calculate the remainder when (-58)/(-4) - 2/4 is divided by 1/(d/15 - -1).
4
Suppose 3*l = -5*u + 2*u + 60, -l + 2*u + 5 = 0. Calculate the remainder when l is divided by 9 - (-2)/(-2)*0.
6
What is the remainder when (1 + 1)*(32 - 1) is divided by 16?
14
Let o be (15/(-9) - -1)*-9. Suppose 0 = 3*a - r - 59, -o*r = -a - 2*r + 5. What is the remainder when a is divided by 8?
5
Suppose 3*n + 3 = -15. Let u = 13 + n. What is the remainder when 20 is divided by u?
6
Let q(y) = -y**3 - 2*y**2 - 3*y. Let z = 1 + -4. Calculate the remainder when 53 is divided by q(z).
17
Let s(z) = z**2 + 5*z + 7. What is the remainder when s(-6) is divided by 6?
1
Suppose v - c = 13 + 3, -5*c = 2*v - 39. Let i(l) = 2*l**2 - 4*l + 1. Let z(y) = y**2 - y + 6. Let x be z(0). What is the remainder when i(x) is divided by v?
15
Let n(u) = -3*u**3 - 3*u**2 + 2*u + 7. Let q(b) = -2*b**3 - 2*b**2 + 2*b + 6. Let a(w) = 3*n(w) - 4*q(w). What is the remainder when a(-2) is divided by 2?
1
Let x = 68 - 39. Let c = x - 16. Suppose 4*o - 114 = o. Calculate the remainder when o is divided by c.
12
Suppose 0*f = -f + 8. Let c(a) = -2*a + 3. Let h be c(5). Let g(w) = -5*w - 4. Calculate the remainder when g(h) is divided by f.
7
Suppose -59 + 11 = -4*u. Let l(p) = -17*p - 4. What is the remainder when l(-3) is divided by u?
11
Suppose -w + 2*j + 3*j + 27 = 0, -5*w = -j - 39. Calculate the remainder when 27 is divided by w.
6
What is the remainder when (-78)/(-4)*(-2)/(-3)*3 is divided by 13?
0
What is the remainder when 37 is divided by -3 - (-3)/((-9)/(-33))?
5
Let s(t) = t**2 - 6*t + 3. Let l be s(10). Let c = -31 + l. Calculate the remainder when 22 is divided by c.
10
Let r(h) = -5*h - 7. What is the remainder when 110 is divided by r(-7)?
26
Let q(i) = i + 11. What is the remainder when 141 is divided by q(7)?
15
Let f(d) = -3*d**3 + d + 2. Let i be f(-1). Let t(c) = 12*c - 4. Let y be t(3). Suppose i*x = 8*x - y. Calculate the remainder when x is divided by 5.
3
What is the remainder when 9/6*364/21 is divided by 15?
11
Let v(c) = c**2 + 4*c + 2. Let n be v(-12). Suppose -j - j + n = 0. What is the remainder when j is divided by 13?
10
Suppose 0*c + 4*k = -3*c + 54, 3*k = 3*c - 54. What is the remainder when 48 is divided by c?
12
Suppose -2*v - v + 9 = 0. Calculate the remainder when -1 - v*(-328)/12 is divided by 21.
18
What is the remainder when 22*(-2 - 21/(-6)) is divided by 18?
15
Let y(m) = -14*m - 38. Calculate the remainder when y(-6) is divided by 12.
10
Let t be (-19)/(-5) - (-2)/10. Suppose g + 63 = t*g. Calculate the remainder when g is divided by 6.
3
Let w = 49 - 46. What is the remainder when 15 is divided by w?
0
Let m = -6 - -10. Let z = -20 + 36. Calculate the remainder when m/(-10) - 314/(-10) is divided by z.
15
Suppose x - 5*h + 4 + 1 = 0, 4*x - 2*h - 16 = 0. Suppose 102 = x*t + 2. Calculate the remainder when 59 is divided by t.
19
Calculate the remainder when 51 is divided by (35 - 3) + 1*(-16)/4.
23
Let p(o) = -21*o + 2. What is the remainder when p(-1) is divided by -1 + (-3)/(-3) + 13?
10
Let a be 12*((4 - 1) + -2). Suppose -l = l - 12. What is the remainder when (-21)/(-2) - (-6)/a is divided by l?
5
Let p be (45 - -2) + (2 - 3). Let o be (-228)/16 + 1/4. Let t = p + o. What is the remainder when t is divided by 17?
15
Suppose -3*q = -3*o + 30, -q + 5 = -2*q. Let x = -26 - -38. What is the remainder when x is divided by o?
2
Let d = -4 + 6. Suppose 4*v - 6*y - 36 = -d*y, y = -4*v + 31. Let h(a) = 2*a**2 + 5*a - 11. What is the remainder when h(-5) is divided by v?
6
Let a = 13 + -11. Suppose -3*c = -2*z - 18, -c + 5*c - 24 = -a*z. What is the remainder when c is divided by 3?
0
Suppose -3*l - l = -40. Let f = l - 9. Let j = -6 - -8. Calculate the remainder when j is divided by f.
0
Let c(q) = 4*q**2 - q. Let r be c(-2). Let l = 5 + r. What is the remainder when 45 is divided by l?
22
Let j be -2*((-38)/4 + -1). Let t = -14 + j. Suppose a = -3*r + 4*a + 45, 5*a = -15. What is the remainder when r is divided by t?
5
Let j(n) = n**3 - 5*n**2 + 2*n + 3. Let c be j(4). Calculate the remainder when c*(-1)/2*6 is divided by 8.
7
Suppose 0 = 5*x + 5*g - 400, -4*x - x - g = -412. Calculate the remainder when x is divided by 14.
13
Let h be (-2)/(-4)*(-7 + 7). Let g(y) = 11*y - 1. Calculate the remainder when (h - -1)*2 + 27 is divided by g(1).
9
Suppose -5*o - 16 = 5*i + 59, 2*i = -3*o - 49. Let v = 39 + o. Suppose g = -g + v. What is the remainder when g is divided by 4?
2
Suppose 0 = -3*p + 3 - 0. Calculate the remainder when 10 is divided by -2*(6/(-4))/p.
1
Let g(w) = w**2 + 4*w - 1. Let r be g(7). Let x = 113 - r. Let n(z) = 12*z**2 - 2*z - 1. What is the remainder when x is divided by n(-1)?
11
Let l be -1 - (0 - (-4)/(-2)). Suppose 17 = r + l. What is the remainder when 30 is divided by r?
14
Let z = -1 - -19. Calculate the remainder when 69 is divided by z.
15
Suppose 9 + 6 = 3*a. Suppose -4*i + 2*l = -18, -a*i + 3*l = -16 - 7. What is the remainder when 26 is divided by (4/2)/(i/18)?
8
Let a = -173 + 208. Calculate the remainder when 117 is divided by a.
12
Suppose -2*j + 147 = 4*v + 31, 134 = 2*j - 5*v. What is the remainder when j is divided by 21?
20
Let l(j) = j**3 - 5*j**2 - 4*j + 5. Let a be (2/4)/((-7)/(-70)). Suppose -a*x = -217 + 52. Calculate the remainder when x is divided by l(6).
16
Suppose 0*m + 5*m + 2*t - 1138 = 0, 3*t + 687 = 3*m. What is the remainder when m is divided by 46?
44
Let z = 46 - 17. Calculate the remainder when z is divided by 8.
5
Let p = 68 + -26. Calculate the remainder when p is divided by 5.
2
Suppose 2*a + a = -2*p + 140, -5*p + 225 = 5*a. Suppose a = -0*s + 2*s. Let r = 12 - 3. Calculate the remainder when s is divided by r.
7
Suppose q - 28 = -4*c, q - 22 = -c - 2*c. What is the remainder when 18 is divided by c?
0
Let h = -151 + 60. Let r = h - -129. Suppose -r = -0*o - 2*o. What is the remainder when o is divided by 10?
9
Suppose -4*t - 1 + 13 = 0. Suppose 3*w + 0*w = p + t, -4 = p - 4*w. Suppose p + 10 = 2*b. What is the remainder when 8 is divided by b?
3
Let j = -24 + 29. What is the remainder when 6 is divided by j?
1
What is the remainder when 20 - (-3 - -1) - 0 is divided by 6?
4
Suppose -2*g = -f + 8, -1 = -5*g + 14. Let y = -4 - -6. Suppose 5*s + y*n = 213, -2*s - 5*n = -s - 61. What is the remainder when s is divided by f?
13
Let m(q) = 2*q**2 - 23*q + 1. What is the remainder when 158 is divided by m(13)?
38
Let x = 40 + -33. What is the remainder when x is divided by (1 + 0)*-1 - -5?
3
Let h(o) = -o**2 + 3*o - 2. Let m be h(2). Suppose -3*n - 2*n = m. Suppose n = 5*q + 5*i - 195, 0 = 2*i + 6 - 16. W